t i be g(s). Is q(i) a prime number?
False
Let f = 19 - 91. Let q = -72 - f. Suppose q*s + 9*s - 387 = 0. Is s a prime number?
True
Suppose -3*s + 4*l + 4713 = 0, s + 2*s = 2*l + 4719. Let d = s - 2264. Let b = 1351 + d. Is b composite?
True
Let d(r) = r**3 + 9*r**2 + 10*r - 14. Let g be d(-7). Let q(a) = 1 + 6*a**2 + 26 - 9*a - 2*a**2 - 6. Is q(g) a composite number?
True
Let q(k) = k**3 + 19*k**2 + 18*k - 3. Let c be q(-18). Let b(o) be the third derivative of 7*o**5/30 - o**4/6 - 7*o**3/6 - 10*o**2. Is b(c) composite?
False
Suppose 3*h - 2*q + 778190 = 3679521, -4*q = -h + 967107. Is h a prime number?
True
Suppose 0 = 5*l - 2*l. Suppose l = 3*b - b + 2478. Let t = b + 1738. Is t composite?
False
Let z(q) = q**2 - 14*q - 11. Let p be (-18)/81 + (-94)/(-18). Let c be z(p). Let o = c + 507. Is o prime?
False
Let w(h) = -h + 7. Let y be w(3). Let k = 4173 - 2803. Suppose -5*u = -j - k, -u - 3*u = y*j - 1096. Is u a prime number?
False
Let z be (2/4)/1*0. Let i = 18950 + -19959. Is 9/(-9)*(i + z) a prime number?
True
Is 49*38/(-133) + 867601 composite?
True
Suppose -2*x = -4*x + o + 9, 4*x = -o + 33. Is (-8 + x)*(0/4 + -1399) a composite number?
False
Let b(p) = p**3 - 3*p**2 + 14*p + 7. Let j(g) = -2*g**3 + 7*g**2 - 27*g - 14. Let a(k) = -5*b(k) - 3*j(k). Let l = -15 - -23. Is a(l) composite?
False
Let l(o) = -5903*o - 46. Let f be l(-1). Let b = 8684 - f. Is b a composite number?
True
Is 20/170 - (1 - 523598/17) a composite number?
True
Let n = -2030845 + 2850350. Is n prime?
False
Let z be -12*((-4)/(-22) + (-85)/165). Suppose -2*o + z*i = -4, 4*i + 3 = 5*o - 13. Suppose o*t - 533 - 639 = 0. Is t a composite number?
False
Let d = -354 + 358. Suppose 3*c - 2*z - 22219 = 0, d*c - 17563 = 2*z + 12065. Is c composite?
True
Let g(l) = -l**2 + 11*l - 21. Let q be g(9). Is (7522/q + 0)*(-15)/10 composite?
False
Suppose -65*h = -59244945 + 31671735 - 39614755. Is h a prime number?
True
Let x(g) = -472*g - 5. Suppose 3*l + 0*l = 3*k - 15, -4 = 4*k. Is x(l) composite?
True
Let n = 22704 - 3953. Is n composite?
True
Suppose -t - 34 = 2*f + 47, -5*f = -t - 67. Let x = 2122 - t. Is x prime?
False
Let s = 323267 - 87678. Is s a composite number?
True
Let v(p) = -p**2 - 9*p + 13. Let s be v(-10). Suppose -3*r = 3, 0 = 5*t + 5*r - s - 37. Suppose -10*j + 257 = -t*j. Is j a prime number?
True
Suppose -1162*c + 66093 = -1146*c - 662755. Is c composite?
False
Let h(v) = -v**2 - 11*v + 1. Let b be h(-11). Let g be (-227244)/72 - b/(-6). Is g/(-28) - (-4)/14 prime?
True
Let b(h) = 18*h**2 - 30*h - 913. Is b(-32) composite?
True
Let j = 26 - 21. Suppose -j*a - 814 = -z - a, -2*z = -4*a - 1616. Suppose -349 - z = -s - 5*u, 0 = 2*u. Is s composite?
False
Let t = -16 + 22. Let j be 9/t*6/(-9). Let c(u) = -260*u**3 - u**2 + u + 1. Is c(j) a prime number?
False
Let l be ((-9)/(-6)*4)/(4 - 2). Suppose 5*h + 31 = 2*u + u, -4*u = h - l. Suppose u*v + p + 2*p - 1589 = 0, 3*v - 2351 = 2*p. Is v a composite number?
False
Let w(k) be the first derivative of 26*k**3/3 - 19*k**2 + 11*k - 19. Is w(-14) a prime number?
True
Let d = -8273 - -14219. Let n = d - 1413. Suppose 38*q - 35*q - n = 0. Is q a prime number?
True
Let l(j) be the second derivative of -58*j**3 - 13*j**2/2 + 6*j. Let o be l(-3). Suppose o - 7904 = -3*v. Is v composite?
True
Is (4 + -13)/9*-7977 composite?
True
Suppose 41 - 42 = -o, -3*o + 61782 = 3*w. Is w composite?
False
Let o = 88 - 83. Suppose -156 = -m + o*b - 0*b, -915 = -5*m - 2*b. Suppose t = 0, t - m = 2*j - 2923. Is j a composite number?
True
Suppose 20 = -o + 5*o. Let d(y) = 487*y + 84. Is d(o) a prime number?
False
Let y(x) = -2*x**2 + 8*x + 13. Let c be y(5). Is 4228 + (-1 - c/3)/(-2) composite?
False
Let x be (-4)/14 + 270/63. Suppose 1795 = 9*q - x*q. Suppose 3*f = -d + q + 2981, 0 = -5*f - 3*d + 5560. Is f a composite number?
True
Let y(h) = 6*h + 95. Let q be y(-15). Suppose q*w - 2817 = 1168. Is w composite?
False
Let l be 6 - (3 + 17 + -7). Is 4 + (l - -14 - -11852) a prime number?
True
Suppose 4*z = 5*d - 64, -2*d + 5*d + 3*z = 33. Suppose -6*m + 19458 = d*m. Is m prime?
False
Let m(f) = -f**3 + 7*f**2 + 10*f - 4. Let z be m(7). Let g = z + -64. Suppose -g*h = -4*h + 76. Is h prime?
False
Suppose -5*m + 5*r = -45, -m + 24 = 3*m + 2*r. Suppose -2*t + m*y + 24647 = 6*y, -4*y - 24650 = -2*t. Is t a prime number?
True
Let x be (-286)/(-16) + 13/104. Suppose -5*q = q - x. Is q/6*-6 + 616 prime?
True
Let o(t) = t**3 + 16*t**2 - t - 10. Let n be o(-16). Let z be -588*3 - (-2 + n). Let u = z + 3405. Is u prime?
True
Suppose -16*l + 72 = -88. Suppose 6*y = 8*y + l, -2*y = -4*u + 33618. Is u prime?
False
Is ((-3)/18*3)/((-7)/563234) prime?
True
Suppose -f - 9 = -2. Let i = -20 + f. Let t = -16 - i. Is t a prime number?
True
Suppose -7*v + 50 = 15. Suppose 0 = -3*o + 8*o + 5*n + v, -2*o - 5*n - 11 = 0. Suppose 5*z - o*k - 5221 = 0, 5*k - 2450 + 6637 = 4*z. Is z a composite number?
True
Suppose 461 = 24*k - 811. Suppose -c - 3*v - k + 952 = 0, -c + 4*v + 885 = 0. Is c composite?
True
Let c = 35943 + -15316. Is c prime?
True
Let j(s) = 1254*s - 701. Is j(11) a composite number?
False
Suppose 0 = -44*b + 17*b - 3*b + 14141670. Is b composite?
False
Suppose -3010 = -5*w - 5*l, -2*w + 2*l = -190 - 1014. Let d = w + 77. Is d prime?
False
Suppose 2*r + 2 = 0, r - 3*r + 21842 = -4*x. Let m = x + 10520. Is m a prime number?
True
Let k(a) be the first derivative of -4*a**2 - 32 + 23*a + 4/3*a**3. Is k(21) composite?
False
Is ((-150)/300 + 0 + 1)*(799874 - 0) prime?
True
Let n = 19437 - -139636. Is n composite?
False
Suppose -5*z + 65959 = 18124. Suppose -d = 3*w + 1921, -5*d + w + 3*w - z = 0. Let t = 2724 + d. Is t prime?
True
Let w = 74 - -355. Suppose 0 = w*x - 442*x + 75127. Is x composite?
False
Let c = -17 - -25. Let f(i) = 10*i**2 - 5*i - 17. Let j be f(c). Is 3 + -1 + -2 + j a composite number?
True
Suppose -3*c - 7607410 = 6*i - 10*i, 15214804 = 8*i + 2*c. Is i composite?
True
Suppose -37*u + 389297 = -156120. Is u a composite number?
False
Let q(x) = -2*x**3 - 14*x**2 - 16*x - 14. Let r be q(-6). Is (r/(-6))/((-15)/47349) a prime number?
True
Suppose 5*a - 113 = 167. Let w = a - 56. Let p(f) = -f**3 - f**2 - f + 127. Is p(w) prime?
True
Suppose 116*b = -446*b + 76*b + 119482614. Is b prime?
True
Let u = 1649 + -607. Let n be 336/(-105) - 11/(-5). Is u - (2 - (1 - n)) composite?
True
Suppose -5*s = -3*a - 43, 0 = 5*s + a - 3*a - 47. Suppose 4*h + 49 = s*h. Suppose -2*u = -3*v + 875, 3*v - 3*u + 1178 = h*v. Is v a composite number?
False
Let c(g) = 13*g**2 + 7*g - 7. Let y(w) = w + 11. Let l be y(-9). Suppose -3*q = -17 + l. Is c(q) prime?
True
Is 2 + 0 - -48176 - (110 - 103) a composite number?
True
Let c = -46 + 49. Suppose c*d - 5*m + 4476 = -2645, -2*m + 8 = 0. Is (-1 + -1)/(18/d) a prime number?
True
Let p(m) = -25*m**3 + 2*m**2 - 174*m - 20. Is p(-39) a composite number?
False
Is (-11 + 10531056/(-72))*1*-3 a prime number?
True
Suppose -8430702 + 2560817 = -35*h. Is h prime?
True
Suppose -17563 - 101095 - 572708 = -26*w. Is w prime?
True
Let l = -175 - -174. Is (l + -1)/(80/(-44120)) composite?
False
Suppose -7*r + 338960 = 4*r - 243633. Is r a prime number?
True
Is (-19 - -27)*-2 - -4245 a prime number?
True
Let i = 245 + -231. Suppose 16*s - i*s = 6398. Is s prime?
False
Suppose -8*z + 179966 = 23734. Is z composite?
True
Suppose -4365 = -6*j + 3*j. Suppose -4*y - 17 = -2*t - 9*y, -11 = -2*t + y. Suppose -j - 2103 = -t*p. Is p a prime number?
True
Let y(w) = 3954*w + 1585. Is y(9) composite?
False
Let y be (-14595)/(-7) - (-8)/2. Suppose -153*g + 6582 = -150*g. Let x = y + g. Is x a prime number?
True
Suppose -204713 = -4*r + 3*f, 0 = 3*r + 38*f - 39*f - 153536. Is r a prime number?
False
Suppose -2*d - 982 = -d. Let m be ((-362)/(-4)*-22)/1. Let z = d - m. Is z a prime number?
True
Suppose q = -w - 29, 4*w = q + 2*w + 38. Let a be (234/4)/((-24)/q). Let i = a - -1. Is i prime?
True
Let j(d) = 3349*d**2 + 16*d + 8. Is j(-5) prime?
True
Suppose -31*q + 33*q = -3*p + 4974895, 3*q = 3*p - 4974900. Is p a prime number?
False
Let q(h) = -10*h**3 + 20*h**2 + 74*h - 245. Is q(-43) composite?
True
Let f(o) be the third derivative of -o**6/120 - o**5/60 + o**4/12 - 24*o**2. Let s be f(-2). Is 2 - -1 - (-2850)/5 - s a composite number?
True
Let w = -